{"id":215,"date":"2026-03-21T12:06:47","date_gmt":"2026-03-21T11:06:47","guid":{"rendered":"https:\/\/horizonrm.pl\/?page_id=215"},"modified":"2026-03-21T15:00:07","modified_gmt":"2026-03-21T14:00:07","slug":"transport-i-logistyka","status":"publish","type":"page","link":"https:\/\/horizonrm.pl\/?page_id=215","title":{"rendered":"Transport i Logistyka"},"content":{"rendered":"\n<h2 class=\"wp-block-heading has-text-align-left\">Mobilno\u015b\u0107 bez kompromis\u00f3w<\/h2>\n\n\n\n<h3 class=\"wp-block-heading\">Profesjonalny transport krajowy: od 8 europalet z wind\u0105 po 40-tonowe zestawy. Pe\u0142ne uprawnienia ADR i BDO.<\/h3>\n\n\n\n<div class=\"wp-block-columns is-layout-flex wp-container-core-columns-is-layout-28f84493 wp-block-columns-is-layout-flex\">\n<div class=\"wp-block-column is-vertically-aligned-center is-layout-flow wp-block-column-is-layout-flow\">\n<h3 class=\"wp-block-heading has-text-align-center\">Transport Ci\u0119\u017cki (FTL)<\/h3>\n<\/div>\n\n\n\n<div class=\"wp-block-column is-vertically-aligned-center is-layout-flow wp-block-column-is-layout-flow\">\n<h3 class=\"wp-block-heading has-text-align-center\">Logistyka &#8222;Ostatniej Mili&#8221; (Express)<\/h3>\n<\/div>\n<\/div>\n\n\n\n<div class=\"wp-block-columns is-layout-flex wp-container-core-columns-is-layout-28f84493 wp-block-columns-is-layout-flex\">\n<div class=\"wp-block-column is-layout-flow wp-block-column-is-layout-flow\">\n<figure class=\"wp-block-gallery has-nested-images columns-default is-cropped wp-block-gallery-1 is-layout-flex wp-block-gallery-is-layout-flex\">\n<figure class=\"wp-block-image size-large\"><img loading=\"lazy\" decoding=\"async\" width=\"683\" height=\"1024\" data-id=\"8\" src=\"https:\/\/horizonrm.pl\/wp-content\/uploads\/2024\/06\/wolfgang-hasselmann-nbRgZltoOck-unsplash-683x1024.jpg\" alt=\"\" class=\"wp-image-8\" srcset=\"https:\/\/horizonrm.pl\/wp-content\/uploads\/2024\/06\/wolfgang-hasselmann-nbRgZltoOck-unsplash-683x1024.jpg 683w, https:\/\/horizonrm.pl\/wp-content\/uploads\/2024\/06\/wolfgang-hasselmann-nbRgZltoOck-unsplash-200x300.jpg 200w, https:\/\/horizonrm.pl\/wp-content\/uploads\/2024\/06\/wolfgang-hasselmann-nbRgZltoOck-unsplash-768x1152.jpg 768w, https:\/\/horizonrm.pl\/wp-content\/uploads\/2024\/06\/wolfgang-hasselmann-nbRgZltoOck-unsplash-1024x1536.jpg 1024w, https:\/\/horizonrm.pl\/wp-content\/uploads\/2024\/06\/wolfgang-hasselmann-nbRgZltoOck-unsplash-1365x2048.jpg 1365w, https:\/\/horizonrm.pl\/wp-content\/uploads\/2024\/06\/wolfgang-hasselmann-nbRgZltoOck-unsplash-scaled.jpg 1707w\" sizes=\"auto, (max-width: 683px) 100vw, 683px\" \/><\/figure>\n<\/figure>\n\n\n\n<p class=\"has-text-align-left\">Obs\u0142ugujemy \u0142adunki ca\u0142opojazdowe o masie do 40 ton na terenie ca\u0142ej Polski. Gwarantujemy terminowo\u015b\u0107 i pe\u0142ne ubezpieczenie OCP.<\/p>\n<\/div>\n\n\n\n<div class=\"wp-block-column is-layout-flow wp-block-column-is-layout-flow\">\n<figure class=\"wp-block-gallery has-nested-images columns-default is-cropped wp-block-gallery-2 is-layout-flex wp-block-gallery-is-layout-flex\">\n<figure class=\"wp-block-image size-large\"><img loading=\"lazy\" decoding=\"async\" width=\"1024\" height=\"1024\" data-id=\"272\" src=\"https:\/\/horizonrm.pl\/wp-content\/uploads\/2026\/03\/Square-13-1-1024x1024.png\" alt=\"\" class=\"wp-image-272\" srcset=\"https:\/\/horizonrm.pl\/wp-content\/uploads\/2026\/03\/Square-13-1-1024x1024.png 1024w, https:\/\/horizonrm.pl\/wp-content\/uploads\/2026\/03\/Square-13-1-300x300.png 300w, https:\/\/horizonrm.pl\/wp-content\/uploads\/2026\/03\/Square-13-1-150x150.png 150w, https:\/\/horizonrm.pl\/wp-content\/uploads\/2026\/03\/Square-13-1-768x768.png 768w, https:\/\/horizonrm.pl\/wp-content\/uploads\/2026\/03\/Square-13-1.png 1080w\" sizes=\"auto, (max-width: 1024px) 100vw, 1024px\" \/><\/figure>\n<\/figure>\n\n\n\n<details class=\"wp-block-details is-layout-flow wp-block-details-is-layout-flow\"><summary>Nasz bus (8 EP) z wind\u0105 za\u0142adowcz\u0105 i plandek\u0105 to idealne rozwi\u0105zanie dla dostaw miejskich i retailu.<br><\/summary>\n<p><\/p>\n<\/details>\n\n\n\n<details class=\"wp-block-details is-layout-flow wp-block-details-is-layout-flow\"><summary>Szybki roz\u0142adunek tam, gdzie nie wjedzie zestaw 40t, elastyczno\u015b\u0107 w planowaniu tras.<\/summary>\n<p><\/p>\n<\/details>\n<\/div>\n<\/div>\n\n\n\n<h3 class=\"wp-block-heading has-text-align-center\">Bezpiecze\u0144stwo i legalno\u015b\u0107 (ADR \/ BDO)<\/h3>\n\n\n\n<div class=\"wp-block-columns is-layout-flex wp-container-core-columns-is-layout-28f84493 wp-block-columns-is-layout-flex\">\n<div class=\"wp-block-column is-layout-flow wp-block-column-is-layout-flow\">\n<figure class=\"wp-block-gallery has-nested-images columns-default is-cropped wp-block-gallery-3 is-layout-flex wp-block-gallery-is-layout-flex\">\n<figure class=\"wp-block-image size-large\"><img loading=\"lazy\" decoding=\"async\" width=\"326\" height=\"155\" data-id=\"257\" src=\"https:\/\/horizonrm.pl\/wp-content\/uploads\/2026\/03\/bdo.png\" alt=\"\" class=\"wp-image-257\" srcset=\"https:\/\/horizonrm.pl\/wp-content\/uploads\/2026\/03\/bdo.png 326w, https:\/\/horizonrm.pl\/wp-content\/uploads\/2026\/03\/bdo-300x143.png 300w\" sizes=\"auto, (max-width: 326px) 100vw, 326px\" \/><\/figure>\n<\/figure>\n<\/div>\n\n\n\n<div class=\"wp-block-column is-layout-flow wp-block-column-is-layout-flow\">\n<figure class=\"wp-block-gallery has-nested-images columns-default is-cropped wp-block-gallery-4 is-layout-flex wp-block-gallery-is-layout-flex\">\n<figure class=\"wp-block-image size-large\"><img loading=\"lazy\" decoding=\"async\" width=\"1024\" height=\"432\" data-id=\"256\" src=\"https:\/\/horizonrm.pl\/wp-content\/uploads\/2026\/03\/adr-1024x432.png\" alt=\"\" class=\"wp-image-256\" srcset=\"https:\/\/horizonrm.pl\/wp-content\/uploads\/2026\/03\/adr-1024x432.png 1024w, https:\/\/horizonrm.pl\/wp-content\/uploads\/2026\/03\/adr-300x127.png 300w, https:\/\/horizonrm.pl\/wp-content\/uploads\/2026\/03\/adr-768x324.png 768w, https:\/\/horizonrm.pl\/wp-content\/uploads\/2026\/03\/adr-1536x648.png 1536w, https:\/\/horizonrm.pl\/wp-content\/uploads\/2026\/03\/adr.png 1920w\" sizes=\"auto, (max-width: 1024px) 100vw, 1024px\" \/><\/figure>\n<\/figure>\n<\/div>\n<\/div>\n\n\n\n<p>Posiadamy wszelkie niezb\u0119dne uprawnienia do przewozu towar\u00f3w niebezpiecznych (ADR) oraz odpad\u00f3w (Nr BDO 000654252). Nasza kadra to spedytorzy z 4-letnim do\u015bwiadczeniem, kt\u00f3rzy znaj\u0105 przepisy od podszewki. Twoje bezpiecze\u0144stwo prawne jest naszym priorytetem.<\/p>\n\n\n\n<div class=\"wp-block-columns is-layout-flex wp-container-core-columns-is-layout-28f84493 wp-block-columns-is-layout-flex\">\n<div class=\"wp-block-column is-layout-flow wp-block-column-is-layout-flow\" style=\"flex-basis:100%\">\n<div class=\"wp-block-group is-vertical is-layout-flex wp-container-core-group-is-layout-fe9cc265 wp-block-group-is-layout-flex\">\n<h3 class=\"wp-block-heading\">Szybka wycena frachtu<\/h3>\n<\/div>\n<\/div>\n<\/div>\n\n\n<style id=\"wpforms-css-vars-259-block-0ba5a832-84a8-4022-8e12-199767601f8e\">\n\t\t\t\t#wpforms-259.wpforms-block-0ba5a832-84a8-4022-8e12-199767601f8e {\n\t\t\t\t--wpforms-field-size-input-height: 43px;\n--wpforms-field-size-input-spacing: 15px;\n--wpforms-field-size-font-size: 16px;\n--wpforms-field-size-line-height: 19px;\n--wpforms-field-size-padding-h: 14px;\n--wpforms-field-size-checkbox-size: 16px;\n--wpforms-field-size-sublabel-spacing: 5px;\n--wpforms-field-size-icon-size: 1;\n--wpforms-label-size-font-size: 16px;\n--wpforms-label-size-line-height: 19px;\n--wpforms-label-size-sublabel-font-size: 14px;\n--wpforms-label-size-sublabel-line-height: 17px;\n--wpforms-button-size-font-size: 17px;\n--wpforms-button-size-height: 41px;\n--wpforms-button-size-padding-h: 15px;\n--wpforms-button-size-margin-top: 10px;\n\t\t\t}\n\t\t\t<\/style><div class=\"wpforms-container wpforms-container-full wpforms-block wpforms-block-0ba5a832-84a8-4022-8e12-199767601f8e wpforms-render-modern\" id=\"wpforms-259\"><form id=\"wpforms-form-259\" class=\"wpforms-validate wpforms-form wpforms-ajax-form\" data-formid=\"259\" method=\"post\" enctype=\"multipart\/form-data\" action=\"\/index.php?rest_route=%2Fwp%2Fv2%2Fpages%2F215\" data-token=\"c02af316443cc3466e5c8b6c6093f4b5\" data-token-time=\"1775883103\"><noscript class=\"wpforms-error-noscript\">Aby wype\u0142ni\u0107 ten formularz, w\u0142\u0105cz obs\u0142ug\u0119 JavaScript w przegl\u0105darce.<\/noscript><div id=\"wpforms-error-noscript\" style=\"display: none;\">Aby wype\u0142ni\u0107 ten formularz, w\u0142\u0105cz obs\u0142ug\u0119 JavaScript w przegl\u0105darce.<\/div><div class=\"wpforms-field-container\"><div id=\"wpforms-259-field_4-container\" class=\"wpforms-field wpforms-field-text\" data-field-id=\"4\"><label class=\"wpforms-field-label\" for=\"wpforms-259-field_4\">Sk\u0105d  <span class=\"wpforms-required-label\" aria-hidden=\"true\">*<\/span><\/label><input type=\"text\" id=\"wpforms-259-field_4\" class=\"wpforms-field-medium wpforms-field-required\" name=\"wpforms[fields][4]\" aria-errormessage=\"wpforms-259-field_4-error\" aria-describedby=\"wpforms-259-field_4-description\" required><div id=\"wpforms-259-field_4-description\" class=\"wpforms-field-description\">Miejsce za\u0142adunku (Kod pocztowy \/ Miasto)<\/div><\/div>\t\t<div id=\"wpforms-259-field_1-container\"\n\t\t\tclass=\"wpforms-field wpforms-field-text\"\n\t\t\tdata-field-type=\"text\"\n\t\t\tdata-field-id=\"1\"\n\t\t\t>\n\t\t\t<label class=\"wpforms-field-label\" for=\"wpforms-259-field_1\" >e-mail i Telefon<\/label>\n\t\t\t<input type=\"text\" id=\"wpforms-259-field_1\" class=\"wpforms-field-medium\" name=\"wpforms[fields][1]\" >\n\t\t<\/div>\n\t\t<div id=\"wpforms-259-field_6-container\" class=\"wpforms-field wpforms-field-text\" data-field-id=\"6\"><label class=\"wpforms-field-label\" for=\"wpforms-259-field_6\">Dok\u0105d <span class=\"wpforms-required-label\" aria-hidden=\"true\">*<\/span><\/label><input type=\"text\" id=\"wpforms-259-field_6\" class=\"wpforms-field-medium wpforms-field-required\" name=\"wpforms[fields][6]\" aria-errormessage=\"wpforms-259-field_6-error\" aria-describedby=\"wpforms-259-field_6-description\" required><div id=\"wpforms-259-field_6-description\" class=\"wpforms-field-description\">Miejsce roz\u0142adunku (Kod pocztowy \/ Miasto<\/div><\/div><div id=\"wpforms-259-field_8-container\" class=\"wpforms-field wpforms-field-select wpforms-field-select-style-classic\" data-field-id=\"8\"><label class=\"wpforms-field-label\" for=\"wpforms-259-field_8\">Rodzaj towaru<\/label><select id=\"wpforms-259-field_8\" class=\"wpforms-field-medium\" name=\"wpforms[fields][8]\"><option value=\"Towar neutralny\"  class=\"choice-1 depth-1\"  >Towar neutralny<\/option><option value=\"ADR (\u0141adunek niebezpieczny)\"  class=\"choice-2 depth-1\"  >ADR (\u0141adunek niebezpieczny)<\/option><option value=\"Odpady (wymagane BDO)\"  class=\"choice-3 depth-1\"  >Odpady (wymagane BDO)<\/option><\/select><\/div><div id=\"wpforms-259-field_9-container\" class=\"wpforms-field wpforms-field-select wpforms-field-select-style-classic\" data-field-id=\"9\"><label class=\"wpforms-field-label\" for=\"wpforms-259-field_9\">Wymagana flota<\/label><select id=\"wpforms-259-field_9\" class=\"wpforms-field-medium\" name=\"wpforms[fields][9]\"><option value=\"Zestaw 40t (Ci\u0105gnik + Naczepa)\"  class=\"choice-1 depth-1\"  >Zestaw 40t (Ci\u0105gnik + Naczepa)<\/option><option value=\"Bus 8EP (Winda + Plandeka\"  class=\"choice-2 depth-1\"  >Bus 8EP (Winda + Plandeka<\/option><\/select><\/div><div id=\"wpforms-259-field_11-container\" class=\"wpforms-field wpforms-field-name\" data-field-id=\"11\"><fieldset><legend class=\"wpforms-field-label\">Imi\u0119 i nazwisko <span class=\"wpforms-required-label\" aria-hidden=\"true\">*<\/span><\/legend><div class=\"wpforms-field-row wpforms-field-medium\"><div class=\"wpforms-field-row-block wpforms-first wpforms-one-half\"><input type=\"text\" id=\"wpforms-259-field_11\" class=\"wpforms-field-name-first wpforms-field-required\" name=\"wpforms[fields][11][first]\" aria-errormessage=\"wpforms-259-field_11-error\" required><label for=\"wpforms-259-field_11\" class=\"wpforms-field-sublabel after\">Pierwszy<\/label><\/div><div class=\"wpforms-field-row-block wpforms-one-half\"><input type=\"text\" id=\"wpforms-259-field_11-last\" class=\"wpforms-field-name-last wpforms-field-required\" name=\"wpforms[fields][11][last]\" aria-errormessage=\"wpforms-259-field_11-last-error\" required><label for=\"wpforms-259-field_11-last\" class=\"wpforms-field-sublabel after\">Ostatni<\/label><\/div><\/div><\/fieldset><\/div><div id=\"wpforms-259-field_12-container\" class=\"wpforms-field wpforms-field-email\" data-field-id=\"12\"><label class=\"wpforms-field-label\" for=\"wpforms-259-field_12\">Adres e-mail <span class=\"wpforms-required-label\" aria-hidden=\"true\">*<\/span><\/label><input type=\"email\" id=\"wpforms-259-field_12\" class=\"wpforms-field-medium wpforms-field-required\" name=\"wpforms[fields][12]\" spellcheck=\"false\" aria-errormessage=\"wpforms-259-field_12-error\" required><\/div><div id=\"wpforms-259-field_14-container\" class=\"wpforms-field wpforms-field-email\" data-field-id=\"14\"><label class=\"wpforms-field-label\" for=\"wpforms-259-field_14\">Telefon <span class=\"wpforms-required-label\" aria-hidden=\"true\">*<\/span><\/label><input type=\"email\" id=\"wpforms-259-field_14\" class=\"wpforms-field-medium wpforms-field-required\" name=\"wpforms[fields][14]\" spellcheck=\"false\" aria-errormessage=\"wpforms-259-field_14-error\" required><\/div><script>\n\t\t\t\t( function() {\n\t\t\t\t\tconst style = document.createElement( 'style' );\n\t\t\t\t\tstyle.appendChild( document.createTextNode( '#wpforms-259-field_1-container { position: absolute !important; overflow: hidden !important; display: inline !important; height: 1px !important; width: 1px !important; z-index: -1000 !important; padding: 0 !important; } #wpforms-259-field_1-container input { visibility: hidden; } #wpforms-conversational-form-page #wpforms-259-field_1-container label { counter-increment: none; }' ) );\n\t\t\t\t\tdocument.head.appendChild( style );\n\t\t\t\t\tdocument.currentScript?.remove();\n\t\t\t\t} )();\n\t\t\t<\/script><\/div><!-- .wpforms-field-container --><div class=\"wpforms-submit-container\" ><input type=\"hidden\" name=\"wpforms[id]\" value=\"259\"><input type=\"hidden\" name=\"page_title\" value=\"\"><input type=\"hidden\" name=\"page_url\" value=\"https:\/\/horizonrm.pl\/index.php?rest_route=\/wp\/v2\/pages\/215\"><input type=\"hidden\" name=\"url_referer\" value=\"\"><button type=\"submit\" name=\"wpforms[submit]\" id=\"wpforms-submit-259\" class=\"wpforms-submit\" data-alt-text=\"Wysy\u0142anie...\" data-submit-text=\"Prze\u015blij\" aria-live=\"assertive\" value=\"wpforms-submit\">Prze\u015blij<\/button><img loading=\"lazy\" decoding=\"async\" src=\"https:\/\/horizonrm.pl\/wp-content\/plugins\/wpforms-lite\/assets\/images\/submit-spin.svg\" class=\"wpforms-submit-spinner\" style=\"display: none;\" width=\"26\" height=\"26\" alt=\"Wczytywanie\"><\/div><\/form><\/div>  <!-- .wpforms-container -->\n\n\n<h2 class=\"wp-block-heading\">Kontakt<\/h2>\n\n\n\n<figure class=\"wp-block-gallery has-nested-images columns-default is-cropped wp-block-gallery-5 is-layout-flex wp-block-gallery-is-layout-flex\">\n<figure class=\"wp-block-image size-large\"><img loading=\"lazy\" decoding=\"async\" width=\"854\" height=\"480\" data-id=\"264\" src=\"https:\/\/horizonrm.pl\/wp-content\/uploads\/2026\/03\/KarJasnoniebieska-Czarna-Nowoczesna-Minimalistyczna-Portfolio-Fotografia-S.netowa.png\" alt=\"\" class=\"wp-image-264\" srcset=\"https:\/\/horizonrm.pl\/wp-content\/uploads\/2026\/03\/KarJasnoniebieska-Czarna-Nowoczesna-Minimalistyczna-Portfolio-Fotografia-S.netowa.png 854w, https:\/\/horizonrm.pl\/wp-content\/uploads\/2026\/03\/KarJasnoniebieska-Czarna-Nowoczesna-Minimalistyczna-Portfolio-Fotografia-S.netowa-300x169.png 300w, https:\/\/horizonrm.pl\/wp-content\/uploads\/2026\/03\/KarJasnoniebieska-Czarna-Nowoczesna-Minimalistyczna-Portfolio-Fotografia-S.netowa-768x432.png 768w\" sizes=\"auto, (max-width: 854px) 100vw, 854px\" \/><\/figure>\n<\/figure>\n","protected":false},"excerpt":{"rendered":"<p>Mobilno\u015b\u0107 bez kompromis\u00f3w Profesjonalny transport krajowy: od 8 europalet z wind\u0105 po 40-tonowe zestawy. Pe\u0142ne uprawnienia ADR i BDO. Transport Ci\u0119\u017cki (FTL) Logistyka &#8222;Ostatniej Mili&#8221; (Express) Obs\u0142ugujemy \u0142adunki ca\u0142opojazdowe o masie do 40 ton na terenie ca\u0142ej Polski. Gwarantujemy terminowo\u015b\u0107 i pe\u0142ne ubezpieczenie OCP. Bezpiecze\u0144stwo i legalno\u015b\u0107 (ADR \/ BDO) Posiadamy wszelkie niezb\u0119dne uprawnienia do [&hellip;]<\/p>\n","protected":false},"author":1,"featured_media":0,"parent":0,"menu_order":0,"comment_status":"closed","ping_status":"closed","template":"","meta":{"footnotes":""},"class_list":["post-215","page","type-page","status-publish","hentry"],"yoast_head":"<!-- This site is optimized with the Yoast SEO plugin v27.2 - https:\/\/yoast.com\/product\/yoast-seo-wordpress\/ -->\n<title>Transport i Logistyka - Horizon RM Solutions Sp. z o.o.<\/title>\n<meta name=\"robots\" content=\"index, follow, max-snippet:-1, max-image-preview:large, max-video-preview:-1\" \/>\n<link rel=\"canonical\" href=\"https:\/\/horizonrm.pl\/?page_id=215\" \/>\n<meta property=\"og:locale\" content=\"pl_PL\" \/>\n<meta property=\"og:type\" content=\"article\" \/>\n<meta property=\"og:title\" content=\"Transport i Logistyka - Horizon RM Solutions Sp. z o.o.\" \/>\n<meta property=\"og:description\" content=\"Mobilno\u015b\u0107 bez kompromis\u00f3w Profesjonalny transport krajowy: od 8 europalet z wind\u0105 po 40-tonowe zestawy. Pe\u0142ne uprawnienia ADR i BDO. Transport Ci\u0119\u017cki (FTL) Logistyka &#8222;Ostatniej Mili&#8221; (Express) Obs\u0142ugujemy \u0142adunki ca\u0142opojazdowe o masie do 40 ton na terenie ca\u0142ej Polski. Gwarantujemy terminowo\u015b\u0107 i pe\u0142ne ubezpieczenie OCP. Bezpiecze\u0144stwo i legalno\u015b\u0107 (ADR \/ BDO) Posiadamy wszelkie niezb\u0119dne uprawnienia do [&hellip;]\" \/>\n<meta property=\"og:url\" content=\"https:\/\/horizonrm.pl\/?page_id=215\" \/>\n<meta property=\"og:site_name\" content=\"Horizon RM Solutions Sp. z o.o.\" \/>\n<meta property=\"article:modified_time\" content=\"2026-03-21T14:00:07+00:00\" \/>\n<meta property=\"og:image\" content=\"https:\/\/horizonrm.pl\/wp-content\/uploads\/2024\/06\/wolfgang-hasselmann-nbRgZltoOck-unsplash-scaled.jpg\" \/>\n\t<meta property=\"og:image:width\" content=\"1707\" \/>\n\t<meta property=\"og:image:height\" content=\"2560\" \/>\n\t<meta property=\"og:image:type\" content=\"image\/jpeg\" \/>\n<meta name=\"twitter:card\" content=\"summary_large_image\" \/>\n<meta name=\"twitter:label1\" content=\"Szacowany czas czytania\" \/>\n\t<meta name=\"twitter:data1\" content=\"2 minuty\" \/>\n<script type=\"application\/ld+json\" class=\"yoast-schema-graph\">{\"@context\":\"https:\/\/schema.org\",\"@graph\":[{\"@type\":\"WebPage\",\"@id\":\"https:\/\/horizonrm.pl\/?page_id=215\",\"url\":\"https:\/\/horizonrm.pl\/?page_id=215\",\"name\":\"Transport i Logistyka - Horizon RM Solutions Sp. z o.o.\",\"isPartOf\":{\"@id\":\"https:\/\/horizonrm.pl\/#website\"},\"primaryImageOfPage\":{\"@id\":\"https:\/\/horizonrm.pl\/?page_id=215#primaryimage\"},\"image\":{\"@id\":\"https:\/\/horizonrm.pl\/?page_id=215#primaryimage\"},\"thumbnailUrl\":\"https:\/\/horizonrm.pl\/wp-content\/uploads\/2024\/06\/wolfgang-hasselmann-nbRgZltoOck-unsplash-683x1024.jpg\",\"datePublished\":\"2026-03-21T11:06:47+00:00\",\"dateModified\":\"2026-03-21T14:00:07+00:00\",\"breadcrumb\":{\"@id\":\"https:\/\/horizonrm.pl\/?page_id=215#breadcrumb\"},\"inLanguage\":\"pl-PL\",\"potentialAction\":[{\"@type\":\"ReadAction\",\"target\":[\"https:\/\/horizonrm.pl\/?page_id=215\"]}]},{\"@type\":\"ImageObject\",\"inLanguage\":\"pl-PL\",\"@id\":\"https:\/\/horizonrm.pl\/?page_id=215#primaryimage\",\"url\":\"https:\/\/horizonrm.pl\/wp-content\/uploads\/2024\/06\/wolfgang-hasselmann-nbRgZltoOck-unsplash-scaled.jpg\",\"contentUrl\":\"https:\/\/horizonrm.pl\/wp-content\/uploads\/2024\/06\/wolfgang-hasselmann-nbRgZltoOck-unsplash-scaled.jpg\",\"width\":1707,\"height\":2560},{\"@type\":\"BreadcrumbList\",\"@id\":\"https:\/\/horizonrm.pl\/?page_id=215#breadcrumb\",\"itemListElement\":[{\"@type\":\"ListItem\",\"position\":1,\"name\":\"Strona g\u0142\u00f3wna\",\"item\":\"https:\/\/horizonrm.pl\/\"},{\"@type\":\"ListItem\",\"position\":2,\"name\":\"Transport i Logistyka\"}]},{\"@type\":\"WebSite\",\"@id\":\"https:\/\/horizonrm.pl\/#website\",\"url\":\"https:\/\/horizonrm.pl\/\",\"name\":\"Horizon RM Solutions Sp. z o.o.\",\"description\":\"\",\"publisher\":{\"@id\":\"https:\/\/horizonrm.pl\/#organization\"},\"potentialAction\":[{\"@type\":\"SearchAction\",\"target\":{\"@type\":\"EntryPoint\",\"urlTemplate\":\"https:\/\/horizonrm.pl\/?s={search_term_string}\"},\"query-input\":{\"@type\":\"PropertyValueSpecification\",\"valueRequired\":true,\"valueName\":\"search_term_string\"}}],\"inLanguage\":\"pl-PL\"},{\"@type\":\"Organization\",\"@id\":\"https:\/\/horizonrm.pl\/#organization\",\"name\":\"Horizon RM Solutions Sp. z o.o.\",\"url\":\"https:\/\/horizonrm.pl\/\",\"logo\":{\"@type\":\"ImageObject\",\"inLanguage\":\"pl-PL\",\"@id\":\"https:\/\/horizonrm.pl\/#\/schema\/logo\/image\/\",\"url\":\"https:\/\/horizonrm.pl\/wp-content\/uploads\/2026\/03\/Gemini_Generated_Image_w2q7m6w2q7m6w2q7-1-edited.png\",\"contentUrl\":\"https:\/\/horizonrm.pl\/wp-content\/uploads\/2026\/03\/Gemini_Generated_Image_w2q7m6w2q7m6w2q7-1-edited.png\",\"width\":1901,\"height\":1603,\"caption\":\"Horizon RM Solutions Sp. z o.o.\"},\"image\":{\"@id\":\"https:\/\/horizonrm.pl\/#\/schema\/logo\/image\/\"}}]}<\/script>\n<!-- \/ Yoast SEO plugin. -->","yoast_head_json":{"title":"Transport i Logistyka - Horizon RM Solutions Sp. z o.o.","robots":{"index":"index","follow":"follow","max-snippet":"max-snippet:-1","max-image-preview":"max-image-preview:large","max-video-preview":"max-video-preview:-1"},"canonical":"https:\/\/horizonrm.pl\/?page_id=215","og_locale":"pl_PL","og_type":"article","og_title":"Transport i Logistyka - Horizon RM Solutions Sp. z o.o.","og_description":"Mobilno\u015b\u0107 bez kompromis\u00f3w Profesjonalny transport krajowy: od 8 europalet z wind\u0105 po 40-tonowe zestawy. Pe\u0142ne uprawnienia ADR i BDO. Transport Ci\u0119\u017cki (FTL) Logistyka &#8222;Ostatniej Mili&#8221; (Express) Obs\u0142ugujemy \u0142adunki ca\u0142opojazdowe o masie do 40 ton na terenie ca\u0142ej Polski. Gwarantujemy terminowo\u015b\u0107 i pe\u0142ne ubezpieczenie OCP. Bezpiecze\u0144stwo i legalno\u015b\u0107 (ADR \/ BDO) Posiadamy wszelkie niezb\u0119dne uprawnienia do [&hellip;]","og_url":"https:\/\/horizonrm.pl\/?page_id=215","og_site_name":"Horizon RM Solutions Sp. z o.o.","article_modified_time":"2026-03-21T14:00:07+00:00","og_image":[{"width":1707,"height":2560,"url":"https:\/\/horizonrm.pl\/wp-content\/uploads\/2024\/06\/wolfgang-hasselmann-nbRgZltoOck-unsplash-scaled.jpg","type":"image\/jpeg"}],"twitter_card":"summary_large_image","twitter_misc":{"Szacowany czas czytania":"2 minuty"},"schema":{"@context":"https:\/\/schema.org","@graph":[{"@type":"WebPage","@id":"https:\/\/horizonrm.pl\/?page_id=215","url":"https:\/\/horizonrm.pl\/?page_id=215","name":"Transport i Logistyka - Horizon RM Solutions Sp. z o.o.","isPartOf":{"@id":"https:\/\/horizonrm.pl\/#website"},"primaryImageOfPage":{"@id":"https:\/\/horizonrm.pl\/?page_id=215#primaryimage"},"image":{"@id":"https:\/\/horizonrm.pl\/?page_id=215#primaryimage"},"thumbnailUrl":"https:\/\/horizonrm.pl\/wp-content\/uploads\/2024\/06\/wolfgang-hasselmann-nbRgZltoOck-unsplash-683x1024.jpg","datePublished":"2026-03-21T11:06:47+00:00","dateModified":"2026-03-21T14:00:07+00:00","breadcrumb":{"@id":"https:\/\/horizonrm.pl\/?page_id=215#breadcrumb"},"inLanguage":"pl-PL","potentialAction":[{"@type":"ReadAction","target":["https:\/\/horizonrm.pl\/?page_id=215"]}]},{"@type":"ImageObject","inLanguage":"pl-PL","@id":"https:\/\/horizonrm.pl\/?page_id=215#primaryimage","url":"https:\/\/horizonrm.pl\/wp-content\/uploads\/2024\/06\/wolfgang-hasselmann-nbRgZltoOck-unsplash-scaled.jpg","contentUrl":"https:\/\/horizonrm.pl\/wp-content\/uploads\/2024\/06\/wolfgang-hasselmann-nbRgZltoOck-unsplash-scaled.jpg","width":1707,"height":2560},{"@type":"BreadcrumbList","@id":"https:\/\/horizonrm.pl\/?page_id=215#breadcrumb","itemListElement":[{"@type":"ListItem","position":1,"name":"Strona g\u0142\u00f3wna","item":"https:\/\/horizonrm.pl\/"},{"@type":"ListItem","position":2,"name":"Transport i Logistyka"}]},{"@type":"WebSite","@id":"https:\/\/horizonrm.pl\/#website","url":"https:\/\/horizonrm.pl\/","name":"Horizon RM Solutions Sp. z o.o.","description":"","publisher":{"@id":"https:\/\/horizonrm.pl\/#organization"},"potentialAction":[{"@type":"SearchAction","target":{"@type":"EntryPoint","urlTemplate":"https:\/\/horizonrm.pl\/?s={search_term_string}"},"query-input":{"@type":"PropertyValueSpecification","valueRequired":true,"valueName":"search_term_string"}}],"inLanguage":"pl-PL"},{"@type":"Organization","@id":"https:\/\/horizonrm.pl\/#organization","name":"Horizon RM Solutions Sp. z o.o.","url":"https:\/\/horizonrm.pl\/","logo":{"@type":"ImageObject","inLanguage":"pl-PL","@id":"https:\/\/horizonrm.pl\/#\/schema\/logo\/image\/","url":"https:\/\/horizonrm.pl\/wp-content\/uploads\/2026\/03\/Gemini_Generated_Image_w2q7m6w2q7m6w2q7-1-edited.png","contentUrl":"https:\/\/horizonrm.pl\/wp-content\/uploads\/2026\/03\/Gemini_Generated_Image_w2q7m6w2q7m6w2q7-1-edited.png","width":1901,"height":1603,"caption":"Horizon RM Solutions Sp. z o.o."},"image":{"@id":"https:\/\/horizonrm.pl\/#\/schema\/logo\/image\/"}}]}},"_links":{"self":[{"href":"https:\/\/horizonrm.pl\/index.php?rest_route=\/wp\/v2\/pages\/215","targetHints":{"allow":["GET"]}}],"collection":[{"href":"https:\/\/horizonrm.pl\/index.php?rest_route=\/wp\/v2\/pages"}],"about":[{"href":"https:\/\/horizonrm.pl\/index.php?rest_route=\/wp\/v2\/types\/page"}],"author":[{"embeddable":true,"href":"https:\/\/horizonrm.pl\/index.php?rest_route=\/wp\/v2\/users\/1"}],"replies":[{"embeddable":true,"href":"https:\/\/horizonrm.pl\/index.php?rest_route=%2Fwp%2Fv2%2Fcomments&post=215"}],"version-history":[{"count":6,"href":"https:\/\/horizonrm.pl\/index.php?rest_route=\/wp\/v2\/pages\/215\/revisions"}],"predecessor-version":[{"id":273,"href":"https:\/\/horizonrm.pl\/index.php?rest_route=\/wp\/v2\/pages\/215\/revisions\/273"}],"wp:attachment":[{"href":"https:\/\/horizonrm.pl\/index.php?rest_route=%2Fwp%2Fv2%2Fmedia&parent=215"}],"curies":[{"name":"wp","href":"https:\/\/api.w.org\/{rel}","templated":true}]}}